 prime?
False
Is 180474943 composite?
True
Is 7540049 a prime number?
False
Is 17796887 composite?
False
Is 154333 a prime number?
True
Is 13499149 a prime number?
True
Is 12019939 a composite number?
True
Is 2609663 a composite number?
True
Is 77305145 composite?
True
Is 7953389 composite?
False
Is 26966146 composite?
True
Is 67927 composite?
False
Is 257876583 composite?
True
Is 250583771 a prime number?
True
Is 18410515 prime?
False
Is 40388219 prime?
True
Is 88849459 a prime number?
True
Is 2496007 a prime number?
True
Is 1675417 prime?
False
Is 24570461 prime?
False
Is 3486589 a composite number?
False
Is 1334273 composite?
False
Is 1174661 a composite number?
True
Is 3766543 prime?
False
Is 1241243 a prime number?
True
Is 27979717 composite?
False
Is 2258519 prime?
True
Is 23721221 prime?
True
Is 52992209 a prime number?
False
Is 4325857 a prime number?
False
Is 14971757 composite?
False
Is 10257623 a prime number?
True
Is 2371207 composite?
False
Is 3689947 prime?
True
Is 3872761 composite?
False
Is 313297 prime?
True
Is 73236829 a composite number?
True
Is 10194707 composite?
False
Is 36120289 prime?
True
Is 13159543 prime?
False
Is 50127323 a composite number?
True
Is 20427703 a prime number?
False
Is 75844767 composite?
True
Is 118215605 a prime number?
False
Is 5175529 prime?
False
Is 12467297 a composite number?
False
Is 2759201 a prime number?
False
Is 24576943 a prime number?
True
Is 376008257 composite?
True
Is 25335197 prime?
False
Is 68754271 a composite number?
False
Is 4088901 a prime number?
False
Is 5640051 prime?
False
Is 29442155 a prime number?
False
Is 1166702089 prime?
False
Is 30519589 composite?
False
Is 71958013 a composite number?
True
Is 23060757 prime?
False
Is 997877 a composite number?
False
Is 21063243 a prime number?
False
Is 3559681 a composite number?
True
Is 4516969 composite?
False
Is 9883597 composite?
True
Is 59087177 prime?
True
Is 32017855 composite?
True
Is 80621609 prime?
True
Is 11516707 composite?
False
Is 3457703 a composite number?
False
Is 56505553 prime?
False
Is 36505241 a prime number?
True
Is 145819 prime?
True
Is 17780467 composite?
False
Is 3695767 a composite number?
True
Is 19716401 composite?
True
Is 12997379 composite?
False
Is 7477817 composite?
False
Is 3539561 a prime number?
True
Is 35474167 composite?
False
Is 4330181 a prime number?
True
Is 322728337 a composite number?
False
Is 1519781 a prime number?
False
Is 1380741 a prime number?
False
Is 59030657 a composite number?
True
Is 502611 composite?
True
Is 164777227 composite?
False
Is 2241499 prime?
False
Is 6216541 a composite number?
False
Is 143279713 composite?
False
Is 1099864511 prime?
True
Is 3415523 a prime number?
False
Is 153054571 a composite number?
True
Is 2116087 a composite number?
True
Is 36362635 prime?
False
Is 1304389 composite?
False
Is 570312217 a composite number?
False
Is 1521181 composite?
True
Is 890730859 prime?
False
Is 4885687 composite?
False
Is 158979571 prime?
False
Is 27963019 a composite number?
True
Is 17509483 prime?
True
Is 35102063 a prime number?
False
Is 19528559 composite?
False
Is 478523 a prime number?
True
Is 36624449 a composite number?
False
Is 1779194 a prime number?
False
Is 7416961 prime?
True
Is 729829 a prime number?
False
Is 9009619 composite?
True
Is 376055519 a composite number?
True
Is 707449 composite?
True
Is 26120111 a composite number?
True
Is 3612391 a prime number?
True
Is 25423 prime?
True
Is 4993741 a composite number?
False
Is 2438817 a prime number?
False
Is 117694007 a prime number?
True
Is 74301245 a prime number?
False
Is 95680709 prime?
False
Is 10814527 prime?
False
Is 7359257 a prime number?
True
Is 7101517 a composite number?
True
Is 160913 a composite number?
True
Is 9922399 prime?
True
Is 111395023 composite?
False
Is 61881787 a prime number?
False
Is 203776817 a prime number?
True
Is 20872681 a composite number?
False
Is 68767 composite?
False
Is 21470329 a prime number?
False
Is 20797369 a prime number?
False
Is 14134447 a composite number?
False
Is 10258709 composite?
False
Is 29034646 composite?
True
Is 44678539 prime?
True
Is 9271403 a prime number?
True
Is 18696347 a prime number?
True
Is 13004621 composite?
True
Is 12772873 composite?
True
Is 3443501 composite?
False
Is 1758651095 composite?
True
Is 14451985 prime?
False
Is 485159671 a composite number?
False
Is 146308871 composite?
True
Is 12230251 composite?
True
Is 1505969 a prime number?
False
Is 14384017 a composite number?
False
Is 358378063 a composite number?
False
Is 1705667 a prime number?
True
Is 3280003 prime?
True
Is 34683479 a composite number?
False
Is 41177117 a composite number?
True
Is 39708623 a composite number?
True
Is 22133821 a composite number?
False
Is 57364831 a composite number?
False
Is 21047281 a composite number?
False
Is 23739479 composite?
False
Is 13149183 prime?
False
Is 792721 composite?
True
Is 13844707 composite?
False
Is 2600051 a prime number?
True
Is 63974926 a prime number?
False
Is 76993559 prime?
False
Is 12741167 a prime number?
True
Is 1214153 prime?
False
Is 32542619 a prime number?
True
Is 314399 a prime number?
True
Is 835821461 a composite number?
False
Is 4401269 a composite number?
False
Is 13646119 a prime number?
False
Is 403639 a composite number?
True
Is 33139979 a composite number?
True
Is 52824383 a composite number?
False
Is 456163 composite?
True
Is 31845797 composite?
True
Is 111447361 prime?
False
Is 1535986963 prime?
False
Is 1263007 a composite number?
False
Is 371027 a prime number?
True
Is 45228407 composite?
True
Is 21604369 a composite number?
False
Is 41370499 composite?
True
Is 43182679 composite?
False
Is 160640423 a prime number?
True
Is 29297831 a composite number?
True
Is 7642711 a composite number?
False
Is 75779171 a composite number?
True
Is 3846961 a composite number?
False
Is 22511497 composite?
False
Is 8126549 prime?
False
Is 24923609 a composite number?
False
Is 346906855 a composite number?
True
Is 77830049 a composite number?
True
Is 649273 composite?
False
Is 1110921623 prime?
False
Is 16160447 a composite number?
False
Is 35407109 prime?
True
Is 86323 a composite number?
False
Is 56483429 prime?
True
Is 23973613 a composite number?
True
Is 62608727 composite?
False
Is 146528279 a composite number?
False
Is 164919973 composite?
False
Is 40262077 a composite number?
False
Is 8658649 a prime number?
False
Is 156372217 a prime number?
False
Is 375607567 prime?
True
Is 15000017 a composite number?
False
Is 69461041 prime?
False
Is 199571783 a composite number?
False
Is 466777 a composite number?
False
Is 8201937 prime?
False
Is 8961889 composite?
False
Is 254369 composite?
False
Is 61382213 a composite number?
False
Is 2835485 a prime number?
False
Is 547951 a prime number?
True
Is 11023577 a prime number?
False
Is 91278701 a prime number?
False
Is 12065401 composite?
False
Is 1406413 a prime number?
False
Is 8111343 prime?
False
Is 17187959 a composite number?
False
Is 30405121 a composite number?
True
Is 817433 a prime number?
True
Is 138642817 prime?
False
Is 3722933 prime?
False
Is 1993843 a prime number?
False
Is 70903291 composite?
False
Is 3802621 prime?
True
Is 359129 prime?
True
Is 4914181 prime?
False
Is 389277467 composite?
False
Is 1037741 composite?
False
Is 37767571 prime?
True
Is 10844621 composite?
False
Is 190163 a composite number?
True
Is 34726723 composite?
True
Is 53314165 a prime number?
False
Is 251726389 a prime number?
True
Is 693257 composite?
False
Is 2043233 a composite number?
True
Is 40818157 a prime number?
True
Is 463571 composite?
True
Is 3776411 a prime number?
True
Is 660224459 prime?
False
Is 36058433 a prime number?
False
Is 41720197 prime?
True
Is 2359661 a composite number?
False
Is 10329139 composite?
True
Is 204007 a prime number?
True
Is 3794101 a composite number?
False
Is 25378727 prime?
False
Is 100362139 prime?
True
Is 205922163 composite?
True
Is 6268469 composite?
True
Is 17975743 prime?
False
Is 2163529 prime?
False
Is 43200893 composite?
True
Is 65213 a prime number?
True
Is 37561717 prime?
True
Is 140593381 a prime number?
False
Is 4805111 composite?
False
Is 118571 a prime number?
True
Is 4745371 a composite number?
True
Is 5447201 a prime number?
True
Is 79277441 